a multiple of 129?
True
Does 46 divide 690?
True
Is 18 a factor of 805?
False
Is 95 a factor of 4465?
True
Is 30 a factor of 8559?
False
Does 5 divide 923?
False
Does 16 divide 14256?
True
Is 11 a factor of 21771?
False
Is 83 a factor of 2015?
False
Does 283 divide 34782?
False
Is 93 a factor of 4557?
True
Is 56 a factor of 1175?
False
Is 19 a factor of 6125?
False
Is 182 a multiple of 6?
False
Is 3 a factor of 168?
True
Is 876 a multiple of 12?
True
Does 11 divide 1540?
True
Is 1183 a multiple of 91?
True
Is 28 a factor of 4935?
False
Is 102 a factor of 2550?
True
Is 12 a factor of 33720?
True
Is 2204 a multiple of 4?
True
Does 10 divide 13?
False
Is 33060 a multiple of 348?
True
Is 103 a factor of 4431?
False
Is 7 a factor of 3468?
False
Does 13 divide 173?
False
Is 2607 a multiple of 25?
False
Is 12 a factor of 588?
True
Does 12 divide 52926?
False
Is 5289 even?
False
Is 1650 a multiple of 50?
True
Is 22 a factor of 569?
False
Does 20 divide 500?
True
Does 176 divide 4312?
False
Is 155 a multiple of 32?
False
Is 4416 a multiple of 46?
True
Is 12 a factor of 8191?
False
Is 6067 a multiple of 23?
False
Is 34 a factor of 4726?
True
Is 17 a factor of 277?
False
Is 120 a factor of 1483?
False
Is 81340 a multiple of 166?
True
Does 3 divide 1407?
True
Is 19140 a multiple of 330?
True
Is 26 a factor of 1144?
True
Is 172 a factor of 37152?
True
Does 22 divide 3696?
True
Does 16 divide 3552?
True
Is 4157 a multiple of 4?
False
Is 34 a multiple of 11?
False
Does 19 divide 874?
True
Is 405 a multiple of 10?
False
Does 23 divide 8694?
True
Is 1633 a multiple of 23?
True
Is 331 a multiple of 4?
False
Is 20 a factor of 53311?
False
Does 25 divide 9937?
False
Does 7 divide 889?
True
Is 23 a factor of 7805?
False
Is 1951 a multiple of 33?
False
Is 2860 a multiple of 65?
True
Is 517 a multiple of 11?
True
Is 37 a factor of 460?
False
Is 24178 a multiple of 107?
False
Is 719 a multiple of 60?
False
Is 3520 a multiple of 22?
True
Is 73 a factor of 63205?
False
Is 7493 a multiple of 127?
True
Is 42 a multiple of 3?
True
Is 11 a factor of 4983?
True
Is 17 a factor of 8179?
False
Does 30 divide 2850?
True
Is 14 a factor of 11991?
False
Is 15 a factor of 1470?
True
Is 47645 a multiple of 13?
True
Is 10 a factor of 983?
False
Is 11 a factor of 4584?
False
Is 52 a factor of 18876?
True
Does 15 divide 240?
True
Is 616 a multiple of 28?
True
Does 17 divide 4386?
True
Is 238 a multiple of 14?
True
Is 17 a factor of 1877?
False
Does 9 divide 796?
False
Is 2912 a multiple of 52?
True
Is 7 a factor of 347?
False
Is 54 a factor of 56160?
True
Is 49 a factor of 4361?
True
Is 324 a multiple of 18?
True
Is 6588 a multiple of 47?
False
Is 8 a factor of 368?
True
Does 61 divide 35807?
True
Is 2392 a multiple of 23?
True
Does 17 divide 28288?
True
Is 1253 a multiple of 48?
False
Is 110 a factor of 810?
False
Is 100 a factor of 19400?
True
Is 6 a factor of 4427?
False
Is 1080 a multiple of 45?
True
Is 7080 a multiple of 12?
True
Does 4 divide 45066?
False
Is 337 a multiple of 15?
False
Is 12528 a multiple of 29?
True
Is 68 a factor of 2244?
True
Does 7 divide 43?
False
Is 109784 a multiple of 32?
False
Is 21 a factor of 22020?
False
Does 37 divide 184?
False
Is 616 a multiple of 4?
True
Does 19 divide 903?
False
Does 195 divide 1170?
True
Does 20 divide 12981?
False
Is 1084 a multiple of 4?
True
Does 7 divide 329?
True
Does 7 divide 240?
False
Does 86 divide 9632?
True
Does 18 divide 4423?
False
Does 134 divide 5360?
True
Is 46944 a multiple of 12?
True
Does 6 divide 84?
True
Does 26 divide 3182?
False
Is 16 a factor of 27365?
False
Is 48 a factor of 19001?
False
Is 5726 a multiple of 24?
False
Is 63 a factor of 4158?
True
Is 5944 a multiple of 63?
False
Does 6 divide 384?
True
Does 91 divide 77623?
True
Is 10915 a multiple of 185?
True
Is 12 a factor of 314?
False
Does 6 divide 13039?
False
Is 116 a factor of 1972?
True
Does 16 divide 10320?
True
Does 34 divide 1836?
True
Is 86 a factor of 776?
False
Is 29 a factor of 6573?
False
Does 59 divide 5122?
False
Is 836 a multiple of 44?
True
Is 14 a factor of 482?
False
Is 44 a factor of 632?
False
Is 23 a factor of 1091?
False
Is 7616 a multiple of 7?
True
Is 48 a factor of 69216?
True
Does 22 divide 924?
True
Is 14 a factor of 490?
True
Is 162 a multiple of 27?
True
Does 96 divide 4271?
False
Is 985 a multiple of 5?
True
Does 24 divide 7502?
False
Does 139 divide 2352?
False
Does 117 divide 1872?
True
Does 64 divide 10232?
False
Is 16 a factor of 21573?
False
Does 30 divide 2610?
True
Is 80 a factor of 8533?
False
Is 8094 a multiple of 150?
False
Is 37584 a multiple of 18?
True
Is 6 a factor of 1212?
True
Is 22007 a multiple of 37?
False
Is 9 a factor of 36700?
False
Does 51 divide 30460?
False
Does 13 divide 1860?
False
Is 6 a factor of 2018?
False
Is 16 a factor of 1088?
True
Is 37 a factor of 444?
True
Is 167 a factor of 3173?
True
Is 41 a factor of 19147?
True
Does 27 divide 9531?
True
Is 2876 a multiple of 110?
False
Does 72 divide 28291?
False
Is 15 a factor of 1185?
True
Does 78 divide 1872?
True
Is 22 a factor of 526?
False
Is 50 a factor of 1150?
True
Does 2 divide 972?
True
Is 23 a factor of 120?
False
Is 754 a multiple of 66?
False
Is 616 a multiple of 11?
True
Is 19 a factor of 1140?
True
Is 329 a factor of 4062?
False
Is 49 a factor of 8967?
True
Is 47 a factor of 470?
True
Is 3885 a multiple of 105?
True
Is 4900 a multiple of 49?
True
Does 4 divide 285?
False
Does 3 divide 8780?
False
Does 28 divide 1568?
True
Is 3 a factor of 2843?
False
Does 101 divide 404?
True
Is 5 a factor of 566?
False
Is 35358 a multiple of 142?
True
Is 52 a factor of 364?
True
Is 8197 a multiple of 12?
False
Is 21978 a multiple of 131?
False
Does 7 divide 10897?
False
Is 429 a multiple of 39?
True
Is 75 a factor of 5100?
True
Is 3425 a multiple of 25?
True
Is 15 a factor of 895?
False
Does 24 divide 648?
True
Is 28 a factor of 10920?
True
Is 40 a factor of 12116?
False
Is 39 a factor of 690?
False
Does 7 divide 58660?
True
Is 18 a factor of 234?
True
Does 15 divide 116?
False
Is 9443 a multiple of 3?
False
Is 27123 a multiple of 182?
False
Does 72 divide 15925?
False
Does 47 divide 5593?
True
Is 1661 a multiple of 9?
False
Does 7 divide 21?
True
Is 3 a factor of 321?
True
Is 1338 a multiple of 26?
False
Is 13741 a multiple of 217?
False
Is 2883 a multiple of 93?
True
Is 11 a factor of 1335?
False
Is 96 a factor of 4666?
False
Is 15 a factor of 1631?
False
Is 450 a multiple of 75?
True
Does 23 divide 104?
False
Is 21274 a multiple of 24?
False
Is 22 a factor of 7144?
False
Is 255 a factor of 44880?
True
Does 19 divide 8607?
True
Does 133 divide 1463?
True
Is 833 a multiple of 38?
False
Is 262 a factor of 49780?
True
Is 27 a factor of 2815?
False
Is 5 a factor of 518?
False
Does 14 divide 23651?
False
Is 48 a factor of 768?
True
Does 22 divide 609?
False
Is 6 a factor of 21294?
True
Is 11 a factor of 28928?
False
Is 58 a factor of 30093?
False
Is 30 a factor of 5430?
True
Is 855 a multiple of 5?
True
Does 55 divide 45819?
False
Is 37 a factor of 648?
False
Does 19 divide 29583?
True
Is 11033 a multiple of 59?
True
Does 245 divide 24010?
True
Does 37 divide 1110?
True
Is 20384 a multiple of 8?
True
Is 432 a multiple of 7?
False
Does 51 divide 204?
True
Is 10 a factor of 1570?
True
Does 27 divide 81?
True
Does 6 divide 619?
False
Is 124 a factor of 174840?
True
Is 4114 a multiple of 11?
True
Is 16 a factor of 38256?
True
Does 13 divide 1014?
True
Is 35 a factor of 8645?
True
Does 39 divide 818?
False
Is 3220 a multiple of 10?
True
Is 3002 a multiple of 79?
True
Is 7938 a multiple of 6?
True
Does 19 divide 931?
True
Does 20 divide 3280?
True
Is 90597 a multiple of 303?
True
Is 32 a factor of 7813?
False
Does 103 divide 4420?
False
Is 1765 a multiple of 45?
False
Is 2849 a multiple of 141?
False
Does 14 divide 2590?
True
Is 763 a multiple of 31?
False
Is 4 a factor of 1427?
False
Is 783 a multiple of 27?
True
Does 151 divide 7428?
False
Does 16 divide 7670?
False
Is 17 a factor of 481?
False
Is 21 a factor of 2643?
False
Does 76 divide 4180?
True
Does 41 divide 369?
True
Does 25 divide 1525?
True
Does 18 divide 684?
True
Is 3 a factor of 1054?
False
Is 360 a multiple of 30?
True
Is 4 a factor of 5656?
True
Is 4 a factor of 11080?
True
Is 19 a fa